ctor of 89 and d.
89
Let u(r) = -31*r - 1083. Let t be u(-53). Calculate the greatest common divisor of 1015 and t.
35
Suppose 0 = o + 1 - 12. Suppose -9*x - 141 = -6*x. Let q = 124 + x. Calculate the highest common divisor of q and o.
11
Suppose 5*o = 11 + 19. Let a = 21 - o. Suppose -52 - 173 = -5*l. Calculate the highest common factor of a and l.
15
Let a be (1 + -1)*5/(-10). Suppose 79*r - 26*r - 9116 = a. What is the greatest common factor of 430 and r?
86
Let a = 157 - 73. Let f(q) = -q**2 + 4*q + 4. Let o be f(4). Suppose 3*g + g + 64 = o*b, g - 47 = -2*b. Calculate the greatest common divisor of a and b.
21
Let s(z) = 11*z**2 + 412*z - 88. Let k be s(-38). What is the greatest common divisor of 460 and k?
20
Suppose 108 - 4 = -8*j. Let w be 2/j + 11/(-13) + 51. Let p = -39 + w. Calculate the highest common divisor of 143 and p.
11
Let x be (2 + (-1)/1)/(-12 - (-1870)/154). Calculate the highest common factor of x and 86.
1
Suppose 0*g - 5*g + 22275 = -4*c, -4*c + 4455 = g. Calculate the greatest common divisor of g and 55.
55
Let i(t) = -71*t - 3578. Let w be i(-52). Calculate the greatest common divisor of 372 and w.
6
Let j(z) = 9*z - 16. Let a be j(3). Let t(d) = -13*d + 154. Let p be t(a). Calculate the greatest common divisor of p and 4.
1
Suppose 64*p - 62*p = 5*s + 91, 4*s = -2*p + 46. Calculate the highest common factor of p and 1353.
33
Let w = -23201 - -55977. What is the highest common divisor of 136 and w?
136
Let l(s) = -166*s + 121. Let f be l(-19). Calculate the highest common divisor of f and 50.
25
Suppose 0 = -2*f + 4*c + 424, -f - 8*c + 380 = 208. Calculate the greatest common factor of 1326 and f.
102
Suppose 0 = 5*o + v - 21447, -3*v + 8583 = 2*o - 4*v. Suppose -5*h - o = -20*h. What is the greatest common divisor of 26 and h?
26
Suppose -8*l + 2*l + 474 = -360. Calculate the highest common divisor of 5143 and l.
139
Suppose 4*t = 940 + 2188. Let h = t + -767. What is the greatest common factor of h and 200?
5
Suppose -5*r + 17 = 2. Let z be ((-10)/15 + 3)*r. Suppose -5*d - 21 = -m, 3*m - 63 = -z*d + 2*d. What is the greatest common divisor of 168 and m?
21
Let n(a) = -6*a**2 + a**3 + 8 - 9*a - 2*a**3 - 3*a**2. Let o be n(-9). Suppose -2*q + o = t, -q - 4*t = t - 67. What is the highest common factor of q and 28?
14
Let g(t) = -t**3 - 7*t**2 + 23*t + 1. Let h be g(-10). Let s be (-6)/(-24) + h/4. Let o be ((-12)/s)/(2/(-378)). What is the highest common divisor of o and 14?
14
Suppose 0 = l + 2*l - 6. Suppose -2*c - 6 + 110 = l*v, c + 4*v = 40. Let k = -15 - -43. Calculate the greatest common factor of k and c.
28
Suppose -77*w + 81*w = 88. Let i = 44 - 65. Let p = i - -23. What is the greatest common factor of w and p?
2
Let j be 490/41 - (5505/615 + -9). Calculate the greatest common divisor of 6312 and j.
12
Let x(h) be the third derivative of -2*h**2 - 1/8*h**4 + 0*h - 1/3*h**3 + 0. Let f be x(-6). Calculate the greatest common factor of 2 and f.
2
Suppose -2*n = -m + 10, 0 = -2*m - 12*n + 7*n + 56. Suppose 36*d = 30*d + m. What is the highest common divisor of 39 and d?
3
Let o(s) = 73 - 22 - 20 - 104*s - 25. Let k be o(-3). Let n = k - 153. Calculate the greatest common factor of 15 and n.
15
Suppose 225 - 69 = j - 2*k, 0 = j + 2*k - 176. Let z = j + -149. What is the highest common factor of 1 and z?
1
Let x(v) = -2*v**3 + v**2 - 4*v + 10. Let k be x(3). Let u = k + 201. Let m be 6*(-20)/(-5) + -2. What is the greatest common factor of u and m?
22
Let n(i) = -13*i - 47. Let w be n(-32). Let z = w - 324. What is the highest common divisor of 36 and z?
9
Let g = 2978 + -2405. Calculate the greatest common divisor of g and 12.
3
Let h(n) = 2*n - 10. Let t(i) = -i**2 + 3*i - 19. Let c(m) = 5*h(m) - 2*t(m). Let z be c(-4). What is the highest common divisor of z and 172?
4
Let q(m) = -m**3 - 52*m**2 - 50*m + 52. Let v be q(-51). Let c be -6 + 36 + v + -3 + 6. What is the greatest common factor of c and 68?
34
Suppose -5*y + 228 = k, 4*k - 841 = -2*y + 107. Let j = 242 - k. Calculate the greatest common factor of 38 and j.
2
Suppose -11 - 2644 = -45*r. Calculate the greatest common factor of r and 1121.
59
Let m(u) = 22*u + 180. Let z be m(-7). Calculate the highest common divisor of 325 and z.
13
Let k(b) = 271*b + 11. Let t be k(2). Let q = t - 530. Calculate the highest common factor of 2 and q.
1
Suppose -2*u - 5 = 3. Let b be 3/2*u/(-3) - 11. Let a be (-14)/(-8) + b/(-36). Calculate the highest common divisor of 16 and a.
2
Suppose -440*o + 100 = -436*o. Calculate the highest common factor of o and 1475.
25
Let b = -7 + 13. Let v be 57/21 + (-20)/(-70). Suppose 385 = 5*x + p, -v*p = 3*x - 6*p - 249. What is the highest common divisor of b and x?
6
Suppose c - 416 = -y, 0 = 3*c - 4*y - 1650 + 374. Calculate the highest common divisor of c and 8190.
210
Let p = -63 - -68. Suppose -2*b + 2*s = 0, -p*b + 4*s = -39 + 35. Calculate the highest common divisor of 50 and b.
2
Let k = 6470 - 6314. What is the highest common factor of 247 and k?
13
Suppose -w - 5*a + 37 = 0, 0*w = 2*w + a - 56. Let z = 94 - 68. Let l = w - z. Calculate the greatest common factor of 6 and l.
1
Let u(w) = w**3 + 5*w**2 + 166*w + 1827. Let q be u(-9). Let p(n) = -7*n - 4. Let z be p(-6). Let h = z + -20. Calculate the highest common factor of h and q.
9
Let n be 572/2 + -224 + 210. What is the greatest common divisor of n and 64?
16
Suppose 31*z = 36*z. Suppose z*p = p - 5, -4*p + 20 = 5*s. Suppose -4*u + 50 = 2*v - 2*u, -2*v - u + 52 = s. What is the highest common factor of v and 243?
27
Suppose 58*d - 30*d = 29904. Calculate the highest common factor of d and 48.
12
Let x = 6 - 11. Let f be 2/x - 188/(-20). Suppose 0 = f*q - 4*q - 440. What is the highest common factor of q and 11?
11
Let t = 4760 - 4732. What is the highest common factor of t and 3766?
14
Let w(u) = -65*u - 75. Let p be w(-2). What is the highest common factor of p and 77?
11
Let r be 50*-1*9*(-4)/8. Let x = r + -207. Calculate the greatest common divisor of 63 and x.
9
Suppose b = 19*c - 16*c + 451, -4*c - 1796 = -4*b. Calculate the greatest common factor of 40 and b.
8
Let x(p) = -p**3 - 7*p**2 + 92*p - 2. Let c be x(-14). Calculate the greatest common factor of 1558 and c.
82
Let g = 177 + -160. Suppose -4*b - 9 = -g. Calculate the greatest common divisor of b and 2.
2
Suppose -5*y + 2*y = -13*y + 3510. Calculate the greatest common divisor of 1170 and y.
117
Let w(y) = 4*y + 36. Let p be w(0). Suppose b + b + 30 = 0. Let u be (-4)/(-10) + (-129)/b. Calculate the highest common divisor of u and p.
9
Let c(g) be the first derivative of 13*g**3/3 - 5*g**2/2 + 8*g - 33. Let p be c(2). Suppose 81 = 5*f - 1169. Calculate the highest common factor of p and f.
50
Suppose -8*h + 12*h = 20. Suppose h*v = -2*v + 840. Let k = v + -60. What is the greatest common divisor of k and 90?
30
Let y be (2 + 1555/15)/((-1)/(-3)). Let d = 361 - y. What is the greatest common divisor of d and 572?
44
Suppose 5*q - o - 8695 = 0, -5*o = q - 1054 - 711. Calculate the highest common factor of 135 and q.
15
Suppose -3*d - 5*t - 4 = 0, 0 = -3*d + 5*t + 11 + 5. Suppose 0 = 5*w - 2*s - 120, 2*w = d*s + 13 + 41. Calculate the greatest common factor of 66 and w.
22
Suppose -58 = -m + 17. Suppose -2*s + 83 = m. What is the greatest common divisor of 224 and s?
4
Suppose 207 = -3*n + 225. Let o(r) = r**2 - 7*r + 8. Let d be o(4). Let p = n + d. Calculate the highest common factor of 8 and p.
2
Let p(r) = 9*r**2 + 1. Let w be p(1). Let g = 14 - w. Let v(f) = -7*f - 24. Let a be v(-4). What is the highest common divisor of g and a?
4
Suppose 110*r - 1742 = 43*r. Let i = -520 + 962. What is the greatest common factor of r and i?
26
Let j = -277 - -142. Let f = j + 203. Let m be 19*1 - 18/9. What is the greatest common divisor of f and m?
17
Suppose 8*q - 54*q + 62400 = 54*q. What is the greatest common divisor of 351 and q?
39
Suppose -93*d + 30321 + 24562 = -4265. Calculate the greatest common divisor of 36 and d.
12
Let f = -266 - -270. Suppose 4*n - 2*n + 3*z = -6, f*z = -2*n - 10. What is the greatest common divisor of n and 3?
3
Suppose -5*f = -4*x - 2115, 10*f + x = 7*f + 1269. Calculate the greatest common divisor of 27 and f.
9
Suppose 0 = -0*l + 3*l + 5*j - 1529, 5*j = -2*l + 1026. Let t 